 base 10?
395
Convert -1001111001001 (base 2) to base 4.
-1033021
Convert 2010010 (base 3) to base 4.
120012
c4 (base 14) to base 3
20101
Convert -1662 (base 8) to base 2.
-1110110010
Convert 2200 (base 4) to base 11.
136
-1007 (base 10) to base 16
-3ef
11111101010010 (base 2) to base 12
946a
-300a (base 13) to base 6
-50321
Convert 1001000001011001 (base 2) to base 5.
2140303
What is 11230 (base 4) in base 7?
1030
What is -25ab8 (base 13) in base 5?
-4214243
Convert 1110100101111 (base 2) to base 9.
11221
Convert 10021 (base 5) to base 12.
450
254502 (base 6) to base 8
55046
Convert -1356 (base 8) to base 15.
-350
What is -1363 (base 10) in base 16?
-553
Convert -100011101110111 (base 2) to base 10.
-18295
-11100110101010 (base 2) to base 16
-39aa
-3510 (base 11) to base 12
-2801
Convert -6323 (base 8) to base 7.
-12400
Convert 3116 (base 7) to base 8.
2103
Convert -1b0 (base 12) to base 6.
-1140
What is 4272 (base 9) in base 11?
23a8
Convert -251430 (base 6) to base 13.
-a27b
What is -3a63 (base 14) in base 11?
-77a5
What is 407 (base 10) in base 4?
12113
Convert 27c0 (base 13) to base 10.
5733
-a63 (base 13) to base 12
-1037
What is -15066 (base 7) in base 11?
-3146
Convert 17ca0 (base 13) to base 2.
1011010000010010
-5c1 (base 16) to base 6
-10453
Convert -260a (base 16) to base 5.
-302423
Convert 1000001100010 (base 2) to base 14.
1758
What is -226 (base 16) in base 2?
-1000100110
What is -25425 (base 6) in base 2?
-111011111001
-1122201 (base 3) to base 14
-623
15140 (base 7) to base 15
1398
334241 (base 5) to base 14
4445
51413 (base 6) to base 16
1ac1
10023 (base 4) to base 8
413
What is -3411 (base 8) in base 3?
-2110201
938 (base 14) to base 3
2111012
What is -1022021 (base 4) in base 3?
-20111202
Convert -2256 (base 14) to base 5.
-142311
Convert -e425 (base 16) to base 2.
-1110010000100101
What is -10313121 (base 4) in base 2?
-100110111011001
Convert -11567 (base 9) to base 10.
-7756
50304 (base 6) to base 7
25135
What is 12170 (base 8) in base 6?
40132
What is 126 (base 15) in base 3?
100200
42421 (base 5) to base 8
5455
What is -303 (base 15) in base 4?
-22212
Convert 2421 (base 5) to base 8.
551
Convert 1a6 (base 11) to base 5.
1422
Convert -dc7b (base 14) to base 10.
-38133
-1415 (base 10) to base 14
-731
Convert -344 (base 12) to base 15.
-224
What is -254 (base 9) in base 2?
-11010011
-100101110010 (base 2) to base 13
-1140
What is 6937 (base 11) in base 14?
3471
-2dd (base 15) to base 7
-1630
Convert 6c (base 15) to base 14.
74
Convert 1431 (base 5) to base 12.
181
Convert -2343 (base 5) to base 12.
-250
Convert -220202 (base 3) to base 13.
-3c5
What is -10000110001 (base 2) in base 3?
-1110202
Convert 7b10 (base 15) to base 11.
18691
What is -13103 (base 4) in base 12?
-32b
-1731 (base 9) to base 11
-aa4
What is 1500 (base 6) in base 16?
18c
26 (base 16) to base 3
1102
What is 2a50a (base 11) in base 16?
a8c7
What is 398 (base 10) in base 9?
482
116402 (base 8) to base 11
28220
What is -543 (base 7) in base 4?
-10110
-170 (base 10) to base 3
-20022
What is 1114 (base 6) in base 11?
219
Convert 842 (base 9) to base 7.
2000
What is -3ab (base 15) in base 5?
-11321
What is -164 (base 8) in base 11?
-a6
-12121 (base 6) to base 7
-5116
What is -608 (base 13) in base 8?
-1776
What is 6802 (base 13) in base 9?
21841
Convert 1766 (base 8) to base 10.
1014
753 (base 9) to base 13
384
Convert 3a1 (base 16) to base 9.
1242
-31a (base 12) to base 13
-28c
-5c2 (base 13) to base 15
-46d
2012 (base 9) to base 16
5bd
What is 28b7 (base 12) in base 4?
1022023
What is 22 (base 7) in base 9?
17
-12022 (base 3) to base 8
-217
What is -133413 (base 8) in base 4?
-23130023
11011001110001 (base 2) to base 5
421222
What is -fb7 (base 16) in base 12?
-23b3
6c89 (base 16) to base 9
42102
What is -4981 (base 10) in base 7?
-20344
Convert -525 (base 11) to base 16.
-278
292 (base 13) to base 16
1c9
40 (base 10) to base 2
101000
111011100110011 (base 2) to base 6
353135
What is -3c4 (base 14) in base 9?
-1034
-123a7 (base 13) to base 9
-51072
What is 20053 (base 6) in base 14?
d57
What is 257 (base 9) in base 14?
114
Convert 2157 (base 9) to base 7.
4432
What is -155 (base 14) in base 15?
-131
Convert 101010101 (base 2) to base 6.
1325
Convert -20221 (base 3) to base 16.
-bb
Convert 5cd0 (base 14) to base 9.
24260
-cb2 (base 16) to base 2
-110010110010
Convert 1041040 (base 5) to base 7.
104160
What is 2055 (base 7) in base 12?
506
-a0 (base 12) to base 15
-80
What is 1163 (base 8) in base 3?
212020
Convert 3375 (base 11) to base 10.
4438
c2 (base 13) to base 14
b4
What is -299 (base 11) in base 15?
-185
Convert -4b25 (base 12) to base 7.
-33566
Convert 1170 (base 16) to base 6.
32400
-111101011 (base 2) to base 16
-1eb
-12959 (base 10) to base 3
-122202222
Convert -110201022 (base 3) to base 14.
-3541
Convert -1964 (base 11) to base 12.
-1536
What is 2d6 (base 15) in base 8?
1213
Convert -734 (base 16) to base 7.
-5243
Convert 1001010 (base 2) to base 5.
244
Convert -34422 (base 5) to base 16.
-9b7
3996 (base 13) to base 16
202b
What is 1310424 (base 5) in base 9?
38268
What is -1011111001010 (base 2) in base 10?
-6090
What is -5297 (base 11) in base 12?
-4077
Convert 1001 (base 6) to base 15.
e7
What is 120002 (base 3) in base 16?
197
-82a (base 12) to base 13
-703
Convert 29a (base 14) to base 5.
4103
-22113 (base 4) to base 10
-663
What is -20132 (base 4) in base 15?
-262
244 (base 16) to base 2
1001000100
5100 (base 6) to base 9
1470
What is -2123 (base 4) in base 8?
-233
What is -2682 (base 14) in base 13?
-3115
Convert 13469 (base 13) to base 7.
206465
What is 101 (base 9) in base 6?
214
What is 13df (base 16) in base 4?
1033133
Convert 3730 (base 12) to base 13.
2ab1
What is 313011 (base 4) in base 16?
dc5
Convert -1472 (base 9) to base 3.
-1112102
Convert -12 (base 12) to base 4.
-32
Convert 224 (base 15) to base 6.
2124
Convert -1110110001010 (base 2) to base 8.
-16612
Convert 144d (base 14) to base 2.
111000001101
Convert -1352 (base 8) to base 3.
-1000122
-2311101 (base 4) to base 12
-6869
106a (base 12) to base 14
934
Convert -2140 (base 5) to base 11.
-249
Convert -129 (base 11) to base 9.
-178
Convert 100330 (base 4) to base 10.
1084
What is -55401 (base 6) in base 14?
-2b45
What is -2001112 (base 4) in base 13?
-39ca
Convert 3136 (base 8) to base 6.
11314
-12434 (base 6) to base 13
-b29
Convert 1464 (base 7) to base 12.
409
-3051 (base 8) to base 14
-809
What is 2b4 (base 12) in base 5?
3144
What is 22223 (base 4) in base 10?
683
What is -460 (base 8) in base 4?
-10300
Convert 14693 (base 11) to base 16.
5139
What is 11011011 (base 2) in base 15?
e9
What is 159 (base 14) in base 8?
423
Convert -ae (base 16) to base 14.
-c6
What is 1102 (base 4) in base 9?
101
21221 (base 8) to base 7
34541
Convert 4507 (base 13) to base 3.
111020001
Convert -1000011101 (base 3) to base 2.
-100110101011001
-2783 (base 9) to base 3
-2212210
522 (base 10) to base 8
1012
414 (base 13) to base 12
499
b718 (base 16) to base 9
71260
-1204 (base 8) to base 15
-2ce
-15344 (base 7) to base 13
-1c55
64ca (base 16) to base 12
12b22
-17356 (base 10) to base 4
-10033030
Convert -633 (base 7) to base 16.
-13e
Convert -93 (base 16) to base 13.
-b4
What is 646 (base 7) in base 3?
110011
What is 110110100100 (base 2) in base 14?
13b6
Convert 72640 (base 9) to base 15.
e2dc
Convert 866 (base 15) to base 14.
996
-1313031 (base 4) to base 11
-5806
What is 51613 (base 8) in base 15?
650c
What is 205 (base 10) in base 2?
11001101
644 (base 9) to base 12
37a
11110 (base 2) to base 11
28
Convert b62 (base 12) to base 6.
11402
Convert 20255 (base 6) to base 8.
5213
Convert -112303 (base 4) to base 5.
-21314
What is -111 (base 14) in base 11?
-182
What is -20268 (base 13) in base 9?
-86840
Convert -10101100000101 (base 2) to base 3.
-120002220
What is 16323 (base 12) in base 15?
9543
What is -1225 (base 9) in base 8?
-1622
What is 5312 (base 6) in base 4?
102230
-4752 (base 8) to base 6
-15430
-4416 (base 7) to base 11
-1208
-11030011 (base 4) to base 11
-14a71
-3232 (base 5) to base 4
-12322
Convert -306215 (base 7) to base 11.
-36569
3351 (base 7) to base 6
5340
111023 (base 5) to base 6
30000
What is -612 (base 10) in base 3?
-211200
Convert 200113 (base 4) to base 7.
60